{"id":173,"date":"2021-01-25T11:26:08","date_gmt":"2021-01-25T11:26:08","guid":{"rendered":"https:\/\/premiumfitness.es\/?post_type=product&#038;p=173"},"modified":"2021-02-03T12:10:03","modified_gmt":"2021-02-03T12:10:03","slug":"bicicleta-reclinada-comercial-pf-2020b","status":"publish","type":"product","link":"https:\/\/premiumfitness.es\/index.php\/product\/bicicleta-reclinada-comercial-pf-2020b\/","title":{"rendered":"Bicicleta reclinada comercial PF-2020B"},"content":{"rendered":"<p>[et_pb_section fb_built=\u00bb1&#8243; _builder_version=\u00bb3.22&#8243; custom_padding=\u00bb0px||||false|false\u00bb][et_pb_row _builder_version=\u00bb3.25&#8243; background_size=\u00bbinitial\u00bb background_position=\u00bbtop_left\u00bb background_repeat=\u00bbrepeat\u00bb width=\u00bb100%\u00bb custom_padding=\u00bb0px||0px||false|false\u00bb][et_pb_column type=\u00bb4_4&#8243; _builder_version=\u00bb3.25&#8243; custom_padding=\u00bb|||\u00bb custom_padding__hover=\u00bb|||\u00bb][et_pb_wc_breadcrumb _builder_version=\u00bb3.0.47&#8243;][\/et_pb_wc_breadcrumb][et_pb_wc_cart_notice _builder_version=\u00bb3.0.47&#8243;][\/et_pb_wc_cart_notice][\/et_pb_column][\/et_pb_row][et_pb_row column_structure=\u00bb1_2,1_2&#8243; _builder_version=\u00bb3.25&#8243; background_size=\u00bbinitial\u00bb background_position=\u00bbtop_left\u00bb background_repeat=\u00bbrepeat\u00bb width=\u00bb100%\u00bb custom_padding=\u00bb0px||||false|false\u00bb][et_pb_column type=\u00bb1_2&#8243; _builder_version=\u00bb3.25&#8243; custom_padding=\u00bb|||\u00bb custom_padding__hover=\u00bb|||\u00bb][et_pb_wc_images _builder_version=\u00bb3.0.47&#8243;][\/et_pb_wc_images][\/et_pb_column][et_pb_column type=\u00bb1_2&#8243; _builder_version=\u00bb3.25&#8243; custom_padding=\u00bb|||\u00bb custom_padding__hover=\u00bb|||\u00bb][et_pb_wc_title _builder_version=\u00bb3.0.47&#8243;][\/et_pb_wc_title][et_pb_wc_rating _builder_version=\u00bb3.0.47&#8243;][\/et_pb_wc_rating][et_pb_wc_price _builder_version=\u00bb3.0.47&#8243;][\/et_pb_wc_price][et_pb_wc_description _builder_version=\u00bb3.0.47&#8243;][\/et_pb_wc_description][et_pb_wc_add_to_cart _builder_version=\u00bb3.0.47&#8243;][\/et_pb_wc_add_to_cart][et_pb_wc_meta _builder_version=\u00bb3.0.47&#8243;][\/et_pb_wc_meta][\/et_pb_column][\/et_pb_row][et_pb_row _builder_version=\u00bb3.25&#8243; background_size=\u00bbinitial\u00bb background_position=\u00bbtop_left\u00bb background_repeat=\u00bbrepeat\u00bb width=\u00bb100%\u00bb][et_pb_column type=\u00bb4_4&#8243; _builder_version=\u00bb3.25&#8243; custom_padding=\u00bb|||\u00bb custom_padding__hover=\u00bb|||\u00bb][et_pb_wc_tabs _builder_version=\u00bb3.0.47&#8243;] [\/et_pb_wc_tabs][et_pb_wc_upsells _builder_version=\u00bb3.0.47&#8243;][\/et_pb_wc_upsells][et_pb_wc_related_products _builder_version=\u00bb3.0.47&#8243;][\/et_pb_wc_related_products][\/et_pb_column][\/et_pb_row][\/et_pb_section]<\/p>\n","protected":false},"excerpt":{"rendered":"<p>Bicicleta reclinada comercial con pantalla led. Pantalla de medidor electr\u00f3nico: valor num\u00e9rico, tiempo, distancia, calor\u00edas, velocidad, resistencia, frecuencia card\u00edaca.<\/p>\n","protected":false},"featured_media":174,"template":"","meta":{"_et_pb_use_builder":"on","_et_pb_old_content":"No. del art\u00edculo: PF-2020B (pantalla LED)\r\n\r\nNombre: Bicicleta reclinada comercial\r\n\r\nPotencia de entrada: 50 W\r\n\r\nModo de suministro de energ\u00eda: plug-in\r\n\r\nRango de resistencia: 20 niveles\r\n\r\nSistema de frecuencia card\u00edaca:\r\n\r\nfrecuencia card\u00edaca de retenci\u00f3n manual \uff08Se puede proporcionar frecuencia card\u00edaca inal\u00e1mbrica\uff09,\r\n\r\nPantalla de medidor electr\u00f3nico: valor num\u00e9rico, tiempo, distancia, calor\u00edas, velocidad, resistencia, frecuencia card\u00edaca.\r\n\r\nPrograma de entrenamiento: 8 programas preestablecidos + 4 programas de destino\r\n\r\nTama\u00f1o de la m\u00e1quina: L: 1390 mm * W: 750 mm * H: 1170 mm\r\n\r\nNO: 85 KG","_et_gb_content_width":""},"product_cat":[83,18],"product_tag":[34,33,35,38,36],"yoast_head":"<!-- This site is optimized with the Yoast SEO plugin v17.0 - https:\/\/yoast.com\/wordpress\/plugins\/seo\/ -->\n<title>Bicicleta reclinada comercial PF-2020B - Premium Fitness<\/title>\n<meta name=\"description\" content=\"Bicicleta reclinada comercial con pantalla led. Pantalla de medidor electr\u00f3nico: valor num\u00e9rico, tiempo, distancia, calor\u00edas, velocidad, resistencia, frecuencia card\u00edaca.\" \/>\n<meta name=\"robots\" content=\"index, follow, max-snippet:-1, max-image-preview:large, max-video-preview:-1\" \/>\n<link rel=\"canonical\" href=\"https:\/\/premiumfitness.es\/index.php\/product\/bicicleta-reclinada-comercial-pf-2020b\/\" \/>\n<meta property=\"og:locale\" content=\"es_ES\" \/>\n<meta property=\"og:type\" content=\"article\" \/>\n<meta property=\"og:title\" content=\"Bicicleta reclinada comercial PF-2020B - Premium Fitness\" \/>\n<meta property=\"og:description\" content=\"Bicicleta reclinada comercial con pantalla led. Pantalla de medidor electr\u00f3nico: valor num\u00e9rico, tiempo, distancia, calor\u00edas, velocidad, resistencia, frecuencia card\u00edaca.\" \/>\n<meta property=\"og:url\" content=\"https:\/\/premiumfitness.es\/index.php\/product\/bicicleta-reclinada-comercial-pf-2020b\/\" \/>\n<meta property=\"og:site_name\" content=\"Premium Fitness\" \/>\n<meta property=\"article:modified_time\" content=\"2021-02-03T12:10:03+00:00\" \/>\n<meta property=\"og:image\" content=\"https:\/\/premiumfitness.es\/wp-content\/uploads\/2021\/01\/bici2.jpg\" \/>\n\t<meta property=\"og:image:width\" content=\"672\" \/>\n\t<meta property=\"og:image:height\" content=\"380\" \/>\n<meta name=\"twitter:card\" content=\"summary_large_image\" \/>\n<meta name=\"twitter:label1\" content=\"Tiempo de lectura\" \/>\n\t<meta name=\"twitter:data1\" content=\"1 minuto\" \/>\n<script type=\"application\/ld+json\" class=\"yoast-schema-graph\">{\"@context\":\"https:\/\/schema.org\",\"@graph\":[{\"@type\":\"Organization\",\"@id\":\"https:\/\/premiumfitness.es\/#organization\",\"name\":\"Premium Fitness\",\"url\":\"https:\/\/premiumfitness.es\/\",\"sameAs\":[],\"logo\":{\"@type\":\"ImageObject\",\"@id\":\"https:\/\/premiumfitness.es\/#logo\",\"inLanguage\":\"es\",\"url\":\"https:\/\/premiumfitness.es\/wp-content\/uploads\/2021\/01\/premium-logo-web-e1611502471282.png\",\"contentUrl\":\"https:\/\/premiumfitness.es\/wp-content\/uploads\/2021\/01\/premium-logo-web-e1611502471282.png\",\"width\":300,\"height\":313,\"caption\":\"Premium Fitness\"},\"image\":{\"@id\":\"https:\/\/premiumfitness.es\/#logo\"}},{\"@type\":\"WebSite\",\"@id\":\"https:\/\/premiumfitness.es\/#website\",\"url\":\"https:\/\/premiumfitness.es\/\",\"name\":\"Premium Fitness\",\"description\":\"Equipamiento deportivo de calidad\",\"publisher\":{\"@id\":\"https:\/\/premiumfitness.es\/#organization\"},\"potentialAction\":[{\"@type\":\"SearchAction\",\"target\":{\"@type\":\"EntryPoint\",\"urlTemplate\":\"https:\/\/premiumfitness.es\/?s={search_term_string}\"},\"query-input\":\"required name=search_term_string\"}],\"inLanguage\":\"es\"},{\"@type\":\"ImageObject\",\"@id\":\"https:\/\/premiumfitness.es\/index.php\/product\/bicicleta-reclinada-comercial-pf-2020b\/#primaryimage\",\"inLanguage\":\"es\",\"url\":\"https:\/\/premiumfitness.es\/wp-content\/uploads\/2021\/01\/bici2.jpg\",\"contentUrl\":\"https:\/\/premiumfitness.es\/wp-content\/uploads\/2021\/01\/bici2.jpg\",\"width\":672,\"height\":380,\"caption\":\"bici2\"},{\"@type\":\"WebPage\",\"@id\":\"https:\/\/premiumfitness.es\/index.php\/product\/bicicleta-reclinada-comercial-pf-2020b\/#webpage\",\"url\":\"https:\/\/premiumfitness.es\/index.php\/product\/bicicleta-reclinada-comercial-pf-2020b\/\",\"name\":\"Bicicleta reclinada comercial PF-2020B - Premium Fitness\",\"isPartOf\":{\"@id\":\"https:\/\/premiumfitness.es\/#website\"},\"primaryImageOfPage\":{\"@id\":\"https:\/\/premiumfitness.es\/index.php\/product\/bicicleta-reclinada-comercial-pf-2020b\/#primaryimage\"},\"datePublished\":\"2021-01-25T11:26:08+00:00\",\"dateModified\":\"2021-02-03T12:10:03+00:00\",\"description\":\"Bicicleta reclinada comercial con pantalla led. Pantalla de medidor electr\\u00f3nico: valor num\\u00e9rico, tiempo, distancia, calor\\u00edas, velocidad, resistencia, frecuencia card\\u00edaca.\",\"breadcrumb\":{\"@id\":\"https:\/\/premiumfitness.es\/index.php\/product\/bicicleta-reclinada-comercial-pf-2020b\/#breadcrumb\"},\"inLanguage\":\"es\",\"potentialAction\":[{\"@type\":\"ReadAction\",\"target\":[\"https:\/\/premiumfitness.es\/index.php\/product\/bicicleta-reclinada-comercial-pf-2020b\/\"]}]},{\"@type\":\"BreadcrumbList\",\"@id\":\"https:\/\/premiumfitness.es\/index.php\/product\/bicicleta-reclinada-comercial-pf-2020b\/#breadcrumb\",\"itemListElement\":[{\"@type\":\"ListItem\",\"position\":1,\"name\":\"Home\",\"item\":\"https:\/\/premiumfitness.es\/\"},{\"@type\":\"ListItem\",\"position\":2,\"name\":\"Shop\",\"item\":\"https:\/\/premiumfitness.es\/index.php\/shop\/\"},{\"@type\":\"ListItem\",\"position\":3,\"name\":\"Bicicleta reclinada comercial PF-2020B\"}]}]}<\/script>\n<!-- \/ Yoast SEO plugin. -->","yoast_head_json":{"title":"Bicicleta reclinada comercial PF-2020B - Premium Fitness","description":"Bicicleta reclinada comercial con pantalla led. Pantalla de medidor electr\u00f3nico: valor num\u00e9rico, tiempo, distancia, calor\u00edas, velocidad, resistencia, frecuencia card\u00edaca.","robots":{"index":"index","follow":"follow","max-snippet":"max-snippet:-1","max-image-preview":"max-image-preview:large","max-video-preview":"max-video-preview:-1"},"canonical":"https:\/\/premiumfitness.es\/index.php\/product\/bicicleta-reclinada-comercial-pf-2020b\/","og_locale":"es_ES","og_type":"article","og_title":"Bicicleta reclinada comercial PF-2020B - Premium Fitness","og_description":"Bicicleta reclinada comercial con pantalla led. Pantalla de medidor electr\u00f3nico: valor num\u00e9rico, tiempo, distancia, calor\u00edas, velocidad, resistencia, frecuencia card\u00edaca.","og_url":"https:\/\/premiumfitness.es\/index.php\/product\/bicicleta-reclinada-comercial-pf-2020b\/","og_site_name":"Premium Fitness","article_modified_time":"2021-02-03T12:10:03+00:00","og_image":[{"width":672,"height":380,"url":"https:\/\/premiumfitness.es\/wp-content\/uploads\/2021\/01\/bici2.jpg","path":"\/var\/www\/vhosts\/premiumfitness.es\/httpdocs\/wp-content\/uploads\/2021\/01\/bici2.jpg","size":"full","id":174,"alt":"bici2","pixels":255360,"type":"image\/jpeg"}],"twitter_card":"summary_large_image","twitter_misc":{"Tiempo de lectura":"1 minuto"},"schema":{"@context":"https:\/\/schema.org","@graph":[{"@type":"Organization","@id":"https:\/\/premiumfitness.es\/#organization","name":"Premium Fitness","url":"https:\/\/premiumfitness.es\/","sameAs":[],"logo":{"@type":"ImageObject","@id":"https:\/\/premiumfitness.es\/#logo","inLanguage":"es","url":"https:\/\/premiumfitness.es\/wp-content\/uploads\/2021\/01\/premium-logo-web-e1611502471282.png","contentUrl":"https:\/\/premiumfitness.es\/wp-content\/uploads\/2021\/01\/premium-logo-web-e1611502471282.png","width":300,"height":313,"caption":"Premium Fitness"},"image":{"@id":"https:\/\/premiumfitness.es\/#logo"}},{"@type":"WebSite","@id":"https:\/\/premiumfitness.es\/#website","url":"https:\/\/premiumfitness.es\/","name":"Premium Fitness","description":"Equipamiento deportivo de calidad","publisher":{"@id":"https:\/\/premiumfitness.es\/#organization"},"potentialAction":[{"@type":"SearchAction","target":{"@type":"EntryPoint","urlTemplate":"https:\/\/premiumfitness.es\/?s={search_term_string}"},"query-input":"required name=search_term_string"}],"inLanguage":"es"},{"@type":"ImageObject","@id":"https:\/\/premiumfitness.es\/index.php\/product\/bicicleta-reclinada-comercial-pf-2020b\/#primaryimage","inLanguage":"es","url":"https:\/\/premiumfitness.es\/wp-content\/uploads\/2021\/01\/bici2.jpg","contentUrl":"https:\/\/premiumfitness.es\/wp-content\/uploads\/2021\/01\/bici2.jpg","width":672,"height":380,"caption":"bici2"},{"@type":"WebPage","@id":"https:\/\/premiumfitness.es\/index.php\/product\/bicicleta-reclinada-comercial-pf-2020b\/#webpage","url":"https:\/\/premiumfitness.es\/index.php\/product\/bicicleta-reclinada-comercial-pf-2020b\/","name":"Bicicleta reclinada comercial PF-2020B - Premium Fitness","isPartOf":{"@id":"https:\/\/premiumfitness.es\/#website"},"primaryImageOfPage":{"@id":"https:\/\/premiumfitness.es\/index.php\/product\/bicicleta-reclinada-comercial-pf-2020b\/#primaryimage"},"datePublished":"2021-01-25T11:26:08+00:00","dateModified":"2021-02-03T12:10:03+00:00","description":"Bicicleta reclinada comercial con pantalla led. Pantalla de medidor electr\u00f3nico: valor num\u00e9rico, tiempo, distancia, calor\u00edas, velocidad, resistencia, frecuencia card\u00edaca.","breadcrumb":{"@id":"https:\/\/premiumfitness.es\/index.php\/product\/bicicleta-reclinada-comercial-pf-2020b\/#breadcrumb"},"inLanguage":"es","potentialAction":[{"@type":"ReadAction","target":["https:\/\/premiumfitness.es\/index.php\/product\/bicicleta-reclinada-comercial-pf-2020b\/"]}]},{"@type":"BreadcrumbList","@id":"https:\/\/premiumfitness.es\/index.php\/product\/bicicleta-reclinada-comercial-pf-2020b\/#breadcrumb","itemListElement":[{"@type":"ListItem","position":1,"name":"Home","item":"https:\/\/premiumfitness.es\/"},{"@type":"ListItem","position":2,"name":"Shop","item":"https:\/\/premiumfitness.es\/index.php\/shop\/"},{"@type":"ListItem","position":3,"name":"Bicicleta reclinada comercial PF-2020B"}]}]}},"_links":{"self":[{"href":"https:\/\/premiumfitness.es\/index.php\/wp-json\/wp\/v2\/product\/173"}],"collection":[{"href":"https:\/\/premiumfitness.es\/index.php\/wp-json\/wp\/v2\/product"}],"about":[{"href":"https:\/\/premiumfitness.es\/index.php\/wp-json\/wp\/v2\/types\/product"}],"wp:featuredmedia":[{"embeddable":true,"href":"https:\/\/premiumfitness.es\/index.php\/wp-json\/wp\/v2\/media\/174"}],"wp:attachment":[{"href":"https:\/\/premiumfitness.es\/index.php\/wp-json\/wp\/v2\/media?parent=173"}],"wp:term":[{"taxonomy":"product_cat","embeddable":true,"href":"https:\/\/premiumfitness.es\/index.php\/wp-json\/wp\/v2\/product_cat?post=173"},{"taxonomy":"product_tag","embeddable":true,"href":"https:\/\/premiumfitness.es\/index.php\/wp-json\/wp\/v2\/product_tag?post=173"}],"curies":[{"name":"wp","href":"https:\/\/api.w.org\/{rel}","templated":true}]}}